 + (9 - 0) + (277 - 284)?
84
What is -59 - -61 - ((-7 - -9) + -10)?
10
What is 15 + (4 - 26 - -25) + -37?
-19
What is the value of 17 + 1 - (-27 + 42 - 8) - -82?
93
Evaluate (-1 - -12) + 5 + (19 - 5) + -3 + -8.
19
Calculate -30 + (-2 - -2) + (5231 - 5203).
-2
What is the value of -70 + 208 + -55 + -39?
44
What is 4 - (-21 - (-8 + 13 + -21))?
9
Evaluate 2 + (-7 - (13 + -4)) + 5.
-9
Evaluate -3 + 41 + 65 + (-59 - -28).
72
Evaluate -14 - (0 + (-7 - (0 - 17)) + -17).
-7
Calculate -4 + -17 + (-730 - -772).
21
What is the value of ((-13 - -1) + -8 - -12) + 2 - -21?
15
Evaluate 0 - 45 - (703 - 762).
14
What is the value of 102 + -79 + 10 + -17 + 6?
22
Calculate 0 + (26 - (-29 - -86)) - (0 + -6).
-25
-18 + -5 + (-17 - 16 - -14)
-42
67 - (-43 - (36 - 71) - -32)
43
Evaluate -5 - ((3 + 2 + 20 + 2 - 0) + 1).
-33
What is the value of 58 - (-24 - (1 - 0) - (2636 - 2642))?
77
30 - (30 + -16) - (0 + -9 + -3)
28
What is -46 + 54 + 16 - 67?
-43
6 + 17 + (11 - (1 + 16)) + -7
10
What is the value of (156 - 134) + (-8 - 44) + 63?
33
(-13 + (10 - -15) - -1) + 88 + -25
76
What is the value of -702 + 446 + 168 + 1 + -3 + 1 + 8?
-81
56 + 20 + (13 - 29) + (-4 - 1)
55
What is (14 - (-16 + 37)) + 7 - (-14 - -4) - 8?
2
What is (-103 - -55) + 10 + 93?
55
What is the value of 52 - 0 - (12 - (-38 + 19 - -22))?
43
What is the value of (45 + (-5 - -3 - -2) - 1) + 9?
53
What is (-6 - -4) + (-18 - -28) + -65 - (-7 - 0)?
-50
What is 10 - 3 - (71 - (13 + 43))?
-8
Evaluate 7 + -7 + 13 + (-18 - -8).
3
What is the value of 43 - (43 + -58 + 31)?
27
Evaluate -149 + 154 + 1 + (1 - (-4 + (-2 - -4))).
9
What is 47 + -67 + 37 + (-4 - -6 - 7)?
12
What is 123 + 20 + (-69 - (30 + -50))?
94
What is the value of 22 + (7 - (-15 - -2)) + 0 + 1 + -8?
35
What is the value of -43 + (16 - 23) + -4 + 23?
-31
What is -67 + 28 + 2 + -8 + -3?
-48
Evaluate 170 + -62 - (99 + -31).
40
Evaluate -1 - (42 - (-2 + -5 - (17 - 34) - 2)).
-35
What is the value of 0 - (-1 - 1) - (-7 + (-84 - -34))?
59
Evaluate (1 - (-11 - -7 - -28)) + -8.
-31
Evaluate 6 - (-17 - (-5 + -60)) - -8.
-34
What is the value of 57 + (-14 + 28 - (-2 - (9 + -6)) - 9)?
67
What is the value of 30 + -4 + 25 + -2 - 8?
41
Evaluate (114 - 80 - -28) + -145.
-83
-53 + (-8 - -7) + 517 + -485
-22
What is the value of 6 - -1 - ((0 - 53) + (145 - 121)) - 5?
31
Calculate (-25 + 27 - -7 - (-1 + -2)) + 13.
25
What is the value of (1 - (77 - 0 - -1)) + 107 + -926 + 825?
-71
What is -4 - (-19 - -1 - (-26 - -2))?
-10
14 - ((-2 - 1) + 2) - (-789 - -806)
-2
What is 45 - ((8 - 17) + 2 - (-11 + 1))?
42
What is the value of -19 - (27 + -43) - (6 - 6 - 3)?
0
-10 - (73 - 33 - 38)
-12
Evaluate -110 + -2 - (19 + 9 + -46 + -3).
-91
-107 - (70 + -166) - (0 - -30)
-41
What is 52 - -7 - 47 - 5 - (-13 + 0)?
20
Evaluate 12 + 0 + (-52 - (-6 - -5)) + (-22 - -19).
-42
What is the value of (-164 - (-206 + 75)) + 86?
53
Calculate -8 + (-5 + -56 + 30 - 50).
-89
(5 - (31 - 10)) + 28 - (0 - 1)
13
Calculate 1 - 76 - (167 + -305).
63
Calculate -22 + 2 + 18 + -21 + -19 + 17.
-25
What is 14 + 36 - (-20 + 2)?
68
What is the value of -126 + 76 + -52 - -25?
-77
Evaluate -6 + -2 - (80 + -42 + -20 - (-73 + 0)).
-99
What is 53 - (-10 - 92 - -88)?
67
-119 + (15 - 37 - (-17 - 36) - 24)
-112
What is -3 - (7 + (1 - (2 - 5) - (7 - -4)))?
-3
-70 + -12 + 3 + 29
-50
What is (2 - -16) + -6 - (9 + -29 - -60)?
-28
-8 + -12 + 20 + (5 - 3) + -9 - -84
77
What is -40 + 2 + (-21 - -64)?
5
What is 97 - 39 - 36 - (4 - 17)?
35
(8 - 15) + -3 + -11 + (-37 - -129)
71
Calculate -108 + 13 + 115 - (-4 - 27 - -4).
47
-46 + 53 - (-13 - -57)
-37
What is -19 - (-13 + (-76 + 68 - (-1 - 17)))?
-16
What is the value of 13 + 12 + -26 + 20 + -2?
17
What is the value of 11 - (-13 + 37 + -26 - 59)?
72
What is -26 + (14 - -27) + -36 - 55?
-76
Evaluate -1 + 0 + -14 - (114 + -38 + 40 + -88).
-43
Calculate (-1 - -38) + -22 + 1 + -18.
-2
-49 - -1 - (6376 - 6452)
28
Calculate 17 - ((7 + 11 + -13 - -11) + -12).
13
What is the value of (-23 + 66 - 48) + (-2 - -2 - 1)?
-6
75 + -115 + (-95 - -49)
-86
Calculate (-1 - -2 - 13) + (61 - 121 - -50).
-22
What is 9 - (-101 - 61) - 87?
84
What is the value of -2294 - -2315 - (1 - (5 + -2) - (-1 - 10))?
12
-143 + 92 + (-3 + -5 + 6 - (-1 - 2))
-50
What is the value of 101 + -29 + 84 - 155?
1
What is 10 - (0 + (-2 - (-13 + 14 - -2)))?
15
What is the value of (6 + 32 - (-101 - -81)) + (-12 - (-1 - -3))?
44
What is the value of (5 - (50 - 55 - (-53 + 0))) + 10?
-33
Evaluate 11 + (-48 - -94) + -15.
42
34 + 2 + (-24 - -9) + (-20 - -32) - 4
29
What is 69 + 81 + (74 - 201)?
23
Calculate -6 - 68 - (6 + -5 + 2 + 10).
-87
What is (-8 - (-17 + -4 + 14)) + 24?
23
Evaluate -11 - (44 - (-48 + 98)).
-5
Evaluate (-28 - (-7 + (-16 + (-3 - -13) - -4))) + 1.
-18
Evaluate 1 + (-45 - (-90 - -37)).
9
What is the value of (-13 + 9 + -6 - 1 - (7 - 5)) + 8?
-5
Evaluate -22 + 80 - 179 - -191.
70
Evaluate 7 + (35 - 25) - -7.
24
Calculate 40 - (24 - (-15 - -2)).
3
What is -15 - (6 + -5 + -10 + 62 - -8)?
-76
13 - (-42 + 8 + 4)
43
What is 1 + -44 + 16 + (73 - 66)?
-20
(-10 + (-78 - -76) + (0 - -6) - -30) + 2
26
Evaluate (-91 - 10) + (134 - 108).
-75
Calculate ((17 - -17) + -21 - 6) + 9.
16
What is the value of -57 - (-32 - (9 - -41))?
25
What is the value of 168 + -154 + -3 + (2 - (3 - 1))?
11
Evaluate -31 + -101 + 49 + 45.
-38
Evaluate -27 - (-64 + (42 - 5)).
0
9 - ((-88 - -98) + (-2 - 9)) - (11 + -103)
102
Evaluate -106 - (230 + -248 - (-6 + 4 + 2)).
-88
What is -57 + 24 + -49 + 25?
-57
What is the value of -88 - -42 - (1 - 2)?
-45
Evaluate 67 - (28 + -35 - (1 + -16)) - (-1 - -3).
57
Evaluate -3 + (-10 - 0 - (6 - (-22 - -31))).
-10
Evaluate -28 + -18 + 4 - (-1 + 4).
-45
What is -26 + (-29 - -15) + 1 + 93?
54
Evaluate 6 - -42 - (302 - 214).
-40
Evaluate (0 + 7 - 7) + (-2 + 25 - (-5 - 2)).
30
What is -15 - -2 - ((-9 - (-2 + -10)) + 9 + -12)?
-13
(1863 - 1822) + -1 + -50
-10
What is the value of -6 + (9 - 1) - (-2 - (-5 - 1) - 29)?
27
What is 5 - 6 - -5 - ((60 - 53) + -31 + -2)?
30
Calculate -2890 - -2930 - (0 + -2 + 1).
41
What is -4 - (44 + (-30 - -29) + 8)?
-55
Evaluate -3 + (-81 - (-169 + 37)).
48
What is the value of 39 + -47 - (5 - 18 - (0 - -21))?
26
-57 - (0 - 4) - (33 - 0 - (-198 + 221))
-63
What is (-366 - -329) + (-5 - -9) + -3 + -1?
-37
What is the value of -71 - (-56 + 59 + -83)?
9
(-1696 - -1720) + 1 + -50 + 66
41
Evaluate 2 + -20 + (-3 - -76) + -8 - -19.
66
What is the value of 17 + -79 - -133 - 85?
-14
What is (89 - 1) + (5393 - 5416)?
65
What is the value of 39 + -5 - (-96 - -144) - -77?
63
What is the value of 0 + (16 - 14) + 2 + -10 + 5?
-1
Calculate 45 + (-97 - (-61 + 64)).
-55
What is the value of (52 - (-6 + -1 - -4)) + -44 + (-2 - -38)?
47
97 + (26 + -48 - (-5 + 4)) - -23
99
What is the value of -2 - (-369 + 375 + (4 - (0 + 1)))?
-11
Calculate (-2 - (-73 - 2)) + (78 - 112).
39
What is the value of 43 + -72 + 29 - 50?
-50
Evaluate -67 + 84 + (-5 - -11).
23
4 + (-3 - -1) + -12 + 4 + (75 - 0)
69
What is the value of 25 + -7 + (97 - -32 - 46)?
101
Calculate -1 + -2 + (-5 - (66 + -3)) - (-30 + 33).
-74
What is the value of 6 - 135 - (-20 - ((-12 - (11 + -10)) + 2))?
-120
What is the value of 9 + -17 - -9 - (-640 + 574)?
67
Evaluate -26 + 61 + -45 + 24 - (-2 - 64).
80
Evaluate -17 - (-11 + (-14 - -18 - -23) + 5).
-38
Calculate 14 - (28 + (-9 - -52)).
-57
Evaluate (-3 - -5) + -8 - (-22 - (7 - 34) - -14).
-25
Evaluate 9 + (-8 - (1 - (15 - 9))) + -38.
-32
4 + ((29 - 31) + (-1 - 6) - (-9 + 4))
0
Evaluate -59 + -1 + (64 - 18 - 41) - (2 + 4).
-61
(-2 - 19) + (-6 - (20 + (-5 - 9)))
-33
Evaluate -16 + (-36 - (-47 - -20)).
-25
What is 11 - 18 - (0 + 0 + 15 + -28)?
6
What is the value of -86 + 60 + 63 + -66?
-29
What is the value of (-86 - -25) + (353 - 316)?
-24
Evaluate -27 + 9 - -1 - (20 + -31).
-6
Calculate 38 - (37 + -142 - (-44 + 3)).
102
Calculate (767 - 749) + (-2 - 68).
-52
Calculate -495 + 517 - (-1 - (-1 + -3 + 5) - 12).
36
(-12 - -19) + (11 + 2 + 0 - 2 - -5)
23
Calculate 1 - (25 + -3 + -52).
31
What is 7 + (1 - 5) + (34 - (-38 - -25))?
50
Calculate -8 + (48 - (-82 - -49) - (1 - -13)).
59
What is 6 + (-1 + -3 - -18 - 8) + -5 + 5?
12
What is 392 + -383 + 0 + 3 + 6?
18
Evaluate -72 + (99 - 74) + 37.
-10
What is (4 - -12) + 43 + (34 - (-7 + 17))?
83
-153 - -164 - (-19 - -7 - 7)
30
What is the value of 2 - 